{"id":1865,"date":"2025-05-29T11:57:37","date_gmt":"2025-05-29T09:57:37","guid":{"rendered":"https:\/\/ikt.kre.hu\/oktatasinformatika2025\/?page_id=1865"},"modified":"2025-07-21T11:15:01","modified_gmt":"2025-07-21T09:15:01","slug":"dr-habil-dringo-horvath-ida","status":"publish","type":"page","link":"https:\/\/ikt.kre.hu\/oktatasinformatika2025\/dr-habil-dringo-horvath-ida\/","title":{"rendered":"Dr. Habil. Dringo-Horvath Ida"},"content":{"rendered":"\n<div class=\"wp-block-group alignfull has-global-padding is-layout-constrained wp-block-group-is-layout-constrained has-background\" style=\"padding-top:var(--wp--preset--spacing--20);padding-bottom:var(--wp--preset--spacing--20);box-shadow:var(--wp--preset--shadow--natural);background-image:url(&apos;https:\/\/ikt.kre.hu\/oktatasinformatika2025\/wp-content\/uploads\/2025\/05\/tengrai_image_1748103220_9365704.png&apos;);background-size:cover;\">\n<div class=\"wp-block-columns are-vertically-aligned-center glass2 is-layout-flex wp-container-core-columns-is-layout-0d2466c3 wp-block-columns-is-layout-flex\" style=\"padding-top:var(--wp--preset--spacing--20);padding-right:var(--wp--preset--spacing--20);padding-bottom:var(--wp--preset--spacing--20);padding-left:var(--wp--preset--spacing--20)\">\n<div class=\"wp-block-column is-vertically-aligned-center is-layout-flow wp-block-column-is-layout-flow\">\n<figure class=\"wp-block-image aligncenter size-large is-resized\"><img loading=\"lazy\" decoding=\"async\" width=\"1024\" height=\"1024\" src=\"https:\/\/ikt.kre.hu\/oktatasinformatika2025\/wp-content\/uploads\/2025\/05\/21-1024x1024.png\" alt=\"\" class=\"wp-image-1812\" style=\"width:267px\" srcset=\"https:\/\/ikt.kre.hu\/oktatasinformatika2025\/wp-content\/uploads\/2025\/05\/21-1024x1024.png 1024w, https:\/\/ikt.kre.hu\/oktatasinformatika2025\/wp-content\/uploads\/2025\/05\/21-300x300.png 300w, https:\/\/ikt.kre.hu\/oktatasinformatika2025\/wp-content\/uploads\/2025\/05\/21-150x150.png 150w, https:\/\/ikt.kre.hu\/oktatasinformatika2025\/wp-content\/uploads\/2025\/05\/21-768x768.png 768w, https:\/\/ikt.kre.hu\/oktatasinformatika2025\/wp-content\/uploads\/2025\/05\/21-50x50.png 50w, https:\/\/ikt.kre.hu\/oktatasinformatika2025\/wp-content\/uploads\/2025\/05\/21-1600x1600.png 1600w, https:\/\/ikt.kre.hu\/oktatasinformatika2025\/wp-content\/uploads\/2025\/05\/21-1536x1536.png 1536w, https:\/\/ikt.kre.hu\/oktatasinformatika2025\/wp-content\/uploads\/2025\/05\/21-2048x2048.png 2048w\" sizes=\"auto, (max-width: 1024px) 100vw, 1024px\" \/><\/figure>\n<\/div>\n\n\n\n<div class=\"wp-block-column is-vertically-aligned-center is-layout-flow wp-block-column-is-layout-flow\">\n<p class=\"has-text-align-center has-small-font-size\"><strong>Dr. habil. Dring\u00f3-Horv\u00e1th Ida <\/strong>(k\u00f6zpontvezet\u0151, IKT Kutat\u00f3k\u00f6zpont \/ BTK Oktat\u00e1sfejleszt\u00e9si Tov\u00e1bbk\u00e9pz\u0151 K\u00f6zpont, K\u00e1roli G\u00e1sp\u00e1r Reform\u00e1tus Egyetem)<\/p>\n\n\n\n<div class=\"wp-block-group has-global-padding is-content-justification-center is-layout-constrained wp-block-group-is-layout-constrained\">\n<div class=\"wp-block-columns are-vertically-aligned-center is-layout-flex wp-container-core-columns-is-layout-28f84493 wp-block-columns-is-layout-flex\">\n<div class=\"wp-block-column is-vertically-aligned-center has-global-padding is-content-justification-center is-layout-constrained wp-block-column-is-layout-constrained\">\n<ul class=\"wp-block-social-links has-icon-color is-style-logos-only is-content-justification-center is-layout-flex wp-container-core-social-links-is-layout-c124d1c4 wp-block-social-links-is-layout-flex\"><li style=\"color:#000000;\" class=\"wp-social-link wp-social-link-linkedin has-theme-5-color wp-block-social-link\"><a href=\"https:\/\/www.linkedin.com\/in\/ida-dringo-horvath\/\" class=\"wp-block-social-link-anchor\"><svg width=\"24\" height=\"24\" viewBox=\"0 0 24 24\" version=\"1.1\" xmlns=\"http:\/\/www.w3.org\/2000\/svg\" aria-hidden=\"true\" focusable=\"false\"><path d=\"M19.7,3H4.3C3.582,3,3,3.582,3,4.3v15.4C3,20.418,3.582,21,4.3,21h15.4c0.718,0,1.3-0.582,1.3-1.3V4.3 C21,3.582,20.418,3,19.7,3z M8.339,18.338H5.667v-8.59h2.672V18.338z M7.004,8.574c-0.857,0-1.549-0.694-1.549-1.548 c0-0.855,0.691-1.548,1.549-1.548c0.854,0,1.547,0.694,1.547,1.548C8.551,7.881,7.858,8.574,7.004,8.574z M18.339,18.338h-2.669 v-4.177c0-0.996-0.017-2.278-1.387-2.278c-1.389,0-1.601,1.086-1.601,2.206v4.249h-2.667v-8.59h2.559v1.174h0.037 c0.356-0.675,1.227-1.387,2.526-1.387c2.703,0,3.203,1.779,3.203,4.092V18.338z\"><\/path><\/svg><span class=\"wp-block-social-link-label screen-reader-text\">LinkedIn<\/span><\/a><\/li><\/ul>\n<\/div>\n\n\n\n<div class=\"wp-block-column is-vertically-aligned-center has-global-padding is-layout-constrained wp-block-column-is-layout-constrained\">\n<figure class=\"wp-block-image aligncenter size-large is-resized\" style=\"margin-right:0;margin-left:0\"><a href=\"https:\/\/orcid.org\/0000-0002-5246-7097\" target=\"_blank\" rel=\" noreferrer noopener\"><img loading=\"lazy\" decoding=\"async\" width=\"1024\" height=\"1024\" src=\"https:\/\/ikt.kre.hu\/oktatasinformatika2025\/wp-content\/uploads\/2025\/05\/orcid-icon-2048x2048-l0zosc0u-1024x1024.png\" alt=\"\" class=\"wp-image-1866\" style=\"width:20px;height:auto\" srcset=\"https:\/\/ikt.kre.hu\/oktatasinformatika2025\/wp-content\/uploads\/2025\/05\/orcid-icon-2048x2048-l0zosc0u-1024x1024.png 1024w, https:\/\/ikt.kre.hu\/oktatasinformatika2025\/wp-content\/uploads\/2025\/05\/orcid-icon-2048x2048-l0zosc0u-300x300.png 300w, https:\/\/ikt.kre.hu\/oktatasinformatika2025\/wp-content\/uploads\/2025\/05\/orcid-icon-2048x2048-l0zosc0u-150x150.png 150w, https:\/\/ikt.kre.hu\/oktatasinformatika2025\/wp-content\/uploads\/2025\/05\/orcid-icon-2048x2048-l0zosc0u-768x768.png 768w, https:\/\/ikt.kre.hu\/oktatasinformatika2025\/wp-content\/uploads\/2025\/05\/orcid-icon-2048x2048-l0zosc0u-50x50.png 50w, https:\/\/ikt.kre.hu\/oktatasinformatika2025\/wp-content\/uploads\/2025\/05\/orcid-icon-2048x2048-l0zosc0u-1600x1600.png 1600w, https:\/\/ikt.kre.hu\/oktatasinformatika2025\/wp-content\/uploads\/2025\/05\/orcid-icon-2048x2048-l0zosc0u-1536x1536.png 1536w, https:\/\/ikt.kre.hu\/oktatasinformatika2025\/wp-content\/uploads\/2025\/05\/orcid-icon-2048x2048-l0zosc0u.png 2048w\" sizes=\"auto, (max-width: 1024px) 100vw, 1024px\" \/><\/a><\/figure>\n<\/div>\n<\/div>\n<\/div>\n<\/div>\n<\/div>\n<\/div>\n\n\n\n<div class=\"wp-block-group alignwide is-layout-flow wp-block-group-is-layout-flow\">\n<p style=\"font-size:clamp(14px, 0.875rem + ((1vw - 3.2px) * 0.536), 20px);\"><strong>C\u00edm: Szab\u00e1lyozni a szab\u00e1lyozhatatlant? MI \u00fatmutat\u00f3k a hazai fels\u0151oktat\u00e1sban\u00a0<\/strong><\/p>\n\n\n\n<p style=\"font-size:clamp(14px, 0.875rem + ((1vw - 3.2px) * 0.536), 20px);\"><strong>Absztrakt:<\/strong><\/p>\n\n\n\n<p>A hazai fels\u0151oktat\u00e1sban csak lassan, szigetszer\u0171en kezdtek megjelenni azok a szab\u00e1lyzatok \u00e9s \u00fatmutat\u00f3k, amelyek c\u00e9lja, hogy t\u00e1mogass\u00e1k az oktat\u00f3kat \u00e9s hallgat\u00f3kat a (generat\u00edv) mesters\u00e9ges intelligencia t\u00e9rnyer\u00e9se nyom\u00e1n felmer\u00fcl\u0151 \u00faj oktat\u00e1si \u00e9s kutat\u00e1si kih\u00edv\u00e1sok kezel\u00e9s\u00e9ben. Az el\u0151ad\u00e1s bemutatja a hazai int\u00e9zm\u00e9nyek MI szab\u00e1lyoz\u00e1s\u00e1nak jellemz\u0151it: milyen c\u00e9lok \u00e9s tartalmak jelennek meg, milyen kapcsol\u00f3d\u00f3 gyakorlati elemekkel tal\u00e1lkozhatunk, \u00e9s milyen v\u00e1ltoz\u00e1sokat tapasztalhatunk az id\u0151 el\u0151rehaladt\u00e1val. Ehhez kapcsol\u00f3d\u00f3an k\u00e9pet kapunk arr\u00f3l is, hogy a hazai Fels\u0151oktat\u00e1sfejleszt\u00e9si K\u00f6zpontok (angolul Center for Teaching and Learning &#8211; CTL) milyen tev\u00e9kenys\u00e9gekkel t\u00e1mogatj\u00e1k az int\u00e9zm\u00e9nyi digitaliz\u00e1ci\u00f3t, az oktat\u00f3i \u00e9s hallgat\u00f3i digit\u00e1lis (pedag\u00f3giai) kompetenci\u00e1k &#8211; benne MI kompetenci\u00e1k &#8211; fejleszt\u00e9s\u00e9t, valamint a kapcsol\u00f3d\u00f3 \u00fatmutat\u00f3k, szab\u00e1lyzatok l\u00e9trehoz\u00e1s\u00e1t. Az el\u0151ad\u00e1s r\u00f6viden felv\u00e1zolja az MI oktat\u00e1sba val\u00f3 integr\u00e1ci\u00f3j\u00e1nak t\u00e1gabb kontextus\u00e1t is a hallgat\u00f3kkal \u00e9s oktat\u00f3kkal v\u00e9gzett kutat\u00e1sok alapj\u00e1n, hiszen az egyes ir\u00e1nymutat\u00e1sok gyakorlatba val\u00f3 \u00e1t\u00fcltet\u00e9s\u00e9hez meg kell ismerni a legfontosabb \u00e9rdekelt felek mesters\u00e9ges intelligenci\u00e1val kapcsolatos haszn\u00e1lati szok\u00e1sait valamint \u00e9rzelmi, kognit\u00edv \u00e9s viselked\u00e9si attit\u0171djeit.&nbsp;\u00cdgy az el\u0151ad\u00e1s a hazai fels\u0151oktat\u00e1si kontextusban v\u00e9gzett MI kutat\u00e1sok \u00e1ttekint\u00e9s\u00e9vel z\u00e1rul, kiemelve n\u00e9h\u00e1ny izgalmas, az MI szab\u00e1lyoz\u00e1sokhoz k\u00f6thet\u0151 adatot a KRE IKT Kutat\u00f3k\u00f6zpont kutat\u00e1saib\u00f3l. &nbsp;<\/p>\n<\/div>\n","protected":false},"excerpt":{"rendered":"<p>Dr. habil. Dring\u00f3-Horv\u00e1th Ida (k\u00f6zpontvezet\u0151, IKT Kutat\u00f3k\u00f6zpont \/ BTK Oktat\u00e1sfejleszt\u00e9si Tov\u00e1bbk\u00e9pz\u0151 K\u00f6zpont, K\u00e1roli G\u00e1sp\u00e1r Reform\u00e1tus Egyetem) C\u00edm: Szab\u00e1lyozni a szab\u00e1lyozhatatlant? MI \u00fatmutat\u00f3k a hazai fels\u0151oktat\u00e1sban\u00a0 Absztrakt: A hazai fels\u0151oktat\u00e1sban csak lassan, szigetszer\u0171en kezdtek megjelenni azok a szab\u00e1lyzatok \u00e9s \u00fatmutat\u00f3k, amelyek c\u00e9lja, hogy t\u00e1mogass\u00e1k az oktat\u00f3kat \u00e9s hallgat\u00f3kat a (generat\u00edv) mesters\u00e9ges intelligencia t\u00e9rnyer\u00e9se nyom\u00e1n felmer\u00fcl\u0151 \u00faj [&hellip;]<\/p>\n","protected":false},"author":1,"featured_media":0,"parent":0,"menu_order":0,"comment_status":"closed","ping_status":"closed","template":"","meta":{"iawp_total_views":34,"footnotes":""},"class_list":["post-1865","page","type-page","status-publish","hentry"],"_links":{"self":[{"href":"https:\/\/ikt.kre.hu\/oktatasinformatika2025\/wp-json\/wp\/v2\/pages\/1865","targetHints":{"allow":["GET"]}}],"collection":[{"href":"https:\/\/ikt.kre.hu\/oktatasinformatika2025\/wp-json\/wp\/v2\/pages"}],"about":[{"href":"https:\/\/ikt.kre.hu\/oktatasinformatika2025\/wp-json\/wp\/v2\/types\/page"}],"author":[{"embeddable":true,"href":"https:\/\/ikt.kre.hu\/oktatasinformatika2025\/wp-json\/wp\/v2\/users\/1"}],"replies":[{"embeddable":true,"href":"https:\/\/ikt.kre.hu\/oktatasinformatika2025\/wp-json\/wp\/v2\/comments?post=1865"}],"version-history":[{"count":17,"href":"https:\/\/ikt.kre.hu\/oktatasinformatika2025\/wp-json\/wp\/v2\/pages\/1865\/revisions"}],"predecessor-version":[{"id":2035,"href":"https:\/\/ikt.kre.hu\/oktatasinformatika2025\/wp-json\/wp\/v2\/pages\/1865\/revisions\/2035"}],"wp:attachment":[{"href":"https:\/\/ikt.kre.hu\/oktatasinformatika2025\/wp-json\/wp\/v2\/media?parent=1865"}],"curies":[{"name":"wp","href":"https:\/\/api.w.org\/{rel}","templated":true}]}}