{"id":1898,"date":"2025-05-29T12:52:57","date_gmt":"2025-05-29T10:52:57","guid":{"rendered":"https:\/\/ikt.kre.hu\/oktatasinformatika2025\/?page_id=1898"},"modified":"2025-07-21T11:13:42","modified_gmt":"2025-07-21T09:13:42","slug":"dr-fekete-imre","status":"publish","type":"page","link":"https:\/\/ikt.kre.hu\/oktatasinformatika2025\/dr-fekete-imre\/","title":{"rendered":"Dr. Fekete Imre"},"content":{"rendered":"\n<div class=\"wp-block-group alignfull has-global-padding is-layout-constrained wp-block-group-is-layout-constrained has-background\" style=\"padding-top:var(--wp--preset--spacing--20);padding-bottom:var(--wp--preset--spacing--20);box-shadow:var(--wp--preset--shadow--natural);background-image:url(&apos;https:\/\/ikt.kre.hu\/oktatasinformatika2025\/wp-content\/uploads\/2025\/05\/tengrai_image_1748103220_9365704.png&apos;);background-size:cover;\">\n<div class=\"wp-block-columns glass2 is-layout-flex wp-container-core-columns-is-layout-0d2466c3 wp-block-columns-is-layout-flex\" style=\"padding-top:var(--wp--preset--spacing--20);padding-right:var(--wp--preset--spacing--20);padding-bottom:var(--wp--preset--spacing--20);padding-left:var(--wp--preset--spacing--20)\">\n<div class=\"wp-block-column is-layout-flow wp-block-column-is-layout-flow\">\n<figure class=\"wp-block-image aligncenter size-large is-resized\"><img loading=\"lazy\" decoding=\"async\" width=\"1024\" height=\"1024\" src=\"https:\/\/ikt.kre.hu\/oktatasinformatika2025\/wp-content\/uploads\/2025\/05\/25-1024x1024.png\" alt=\"\" class=\"wp-image-1816\" style=\"width:267px\" srcset=\"https:\/\/ikt.kre.hu\/oktatasinformatika2025\/wp-content\/uploads\/2025\/05\/25-1024x1024.png 1024w, https:\/\/ikt.kre.hu\/oktatasinformatika2025\/wp-content\/uploads\/2025\/05\/25-300x300.png 300w, https:\/\/ikt.kre.hu\/oktatasinformatika2025\/wp-content\/uploads\/2025\/05\/25-150x150.png 150w, https:\/\/ikt.kre.hu\/oktatasinformatika2025\/wp-content\/uploads\/2025\/05\/25-768x768.png 768w, https:\/\/ikt.kre.hu\/oktatasinformatika2025\/wp-content\/uploads\/2025\/05\/25-50x50.png 50w, https:\/\/ikt.kre.hu\/oktatasinformatika2025\/wp-content\/uploads\/2025\/05\/25-1600x1600.png 1600w, https:\/\/ikt.kre.hu\/oktatasinformatika2025\/wp-content\/uploads\/2025\/05\/25-1536x1536.png 1536w, https:\/\/ikt.kre.hu\/oktatasinformatika2025\/wp-content\/uploads\/2025\/05\/25-2048x2048.png 2048w\" sizes=\"auto, (max-width: 1024px) 100vw, 1024px\" \/><\/figure>\n<\/div>\n\n\n\n<div class=\"wp-block-column is-vertically-aligned-center is-layout-flow wp-block-column-is-layout-flow\">\n<p class=\"has-text-align-center has-medium-font-size\"><strong>Dr. Fekete Imre<\/strong><\/p>\n\n\n\n<div class=\"wp-block-group has-global-padding is-content-justification-center is-layout-constrained wp-block-group-is-layout-constrained\">\n<div class=\"wp-block-columns are-vertically-aligned-center is-layout-flex wp-container-core-columns-is-layout-28f84493 wp-block-columns-is-layout-flex\">\n<div class=\"wp-block-column is-vertically-aligned-center has-global-padding is-content-justification-center is-layout-constrained wp-block-column-is-layout-constrained\">\n<ul class=\"wp-block-social-links has-icon-color is-style-logos-only is-content-justification-center is-layout-flex wp-container-core-social-links-is-layout-c124d1c4 wp-block-social-links-is-layout-flex\"><li style=\"color:#000000;\" class=\"wp-social-link wp-social-link-linkedin has-theme-5-color wp-block-social-link\"><a href=\"https:\/\/www.linkedin.com\/in\/imre-fekete-tefl\/\" class=\"wp-block-social-link-anchor\"><svg width=\"24\" height=\"24\" viewBox=\"0 0 24 24\" version=\"1.1\" xmlns=\"http:\/\/www.w3.org\/2000\/svg\" aria-hidden=\"true\" focusable=\"false\"><path d=\"M19.7,3H4.3C3.582,3,3,3.582,3,4.3v15.4C3,20.418,3.582,21,4.3,21h15.4c0.718,0,1.3-0.582,1.3-1.3V4.3 C21,3.582,20.418,3,19.7,3z M8.339,18.338H5.667v-8.59h2.672V18.338z M7.004,8.574c-0.857,0-1.549-0.694-1.549-1.548 c0-0.855,0.691-1.548,1.549-1.548c0.854,0,1.547,0.694,1.547,1.548C8.551,7.881,7.858,8.574,7.004,8.574z M18.339,18.338h-2.669 v-4.177c0-0.996-0.017-2.278-1.387-2.278c-1.389,0-1.601,1.086-1.601,2.206v4.249h-2.667v-8.59h2.559v1.174h0.037 c0.356-0.675,1.227-1.387,2.526-1.387c2.703,0,3.203,1.779,3.203,4.092V18.338z\"><\/path><\/svg><span class=\"wp-block-social-link-label screen-reader-text\">LinkedIn<\/span><\/a><\/li><\/ul>\n<\/div>\n<\/div>\n<\/div>\n<\/div>\n<\/div>\n<\/div>\n\n\n\n<div class=\"wp-block-group alignwide is-layout-flow wp-block-group-is-layout-flow\">\n<p style=\"font-size:clamp(14px, 0.875rem + ((1vw - 3.2px) * 0.536), 20px);\"><strong>C\u00edm: Itt MI k\u00e9rdez\u00fcnk: sz\u00f6veggener\u00e1torok a vizsgak\u00e9rd\u00e9s-\u00edr\u00e1s szolg\u00e1lat\u00e1ban\u00a0<\/strong><\/p>\n\n\n\n<p style=\"font-size:clamp(14px, 0.875rem + ((1vw - 3.2px) * 0.536), 20px);\"><strong><strong>Absztrakt:<\/strong><\/strong><\/p>\n\n\n\n<p>A workshop c\u00e9lja, hogy a r\u00e9sztvev\u0151k megismerj\u00e9k \u00e9s gyakorolj\u00e1k a generat\u00edv MI tudatos, c\u00e9lorient\u00e1lt haszn\u00e1lat\u00e1t vizsga- \u00e9s\/vagy tesztk\u00e9rd\u00e9sek l\u00e9trehoz\u00e1s\u00e1ra. A workshopon saj\u00e1t oktat\u00e1si anyagok (pl. diasor, szakcikk(ek), tank\u00f6nyv) alapj\u00e1n besz\u00e9lj\u00fck meg a hat\u00e9kony k\u00e9rd\u00e9sgener\u00e1l\u00e1s folyamat\u00e1t: az \u00e9rt\u00e9kel\u00e9si c\u00e9l meghat\u00e1roz\u00e1s\u00e1t, a forr\u00e1sanyagok alkalmass\u00e1g\u00e1nak vizsg\u00e1lat\u00e1t, a prompt\u00edr\u00e1s alapelveit, valamint a k\u00e9rd\u00e9sek kritikus \u00e9rt\u00e9kel\u00e9s\u00e9t. A workshop legf\u0151bb k\u00fcldet\u00e9se a tapasztalatszerz\u00e9s, a szakmai eszmecsere \u00e9s a tudatos, el\u0151zetes c\u00e9lokhoz rendelt MI-haszn\u00e1lat t\u00e1mogat\u00e1sa a m\u00e9r\u00e9s-\u00e9rt\u00e9kel\u00e9s egyik kiemelt ter\u00fclet\u00e9n, az \u00edr\u00e1sbeli vizsg\u00e1ztat\u00e1sban.&nbsp;<\/p>\n<\/div>\n","protected":false},"excerpt":{"rendered":"<p>Dr. Fekete Imre C\u00edm: Itt MI k\u00e9rdez\u00fcnk: sz\u00f6veggener\u00e1torok a vizsgak\u00e9rd\u00e9s-\u00edr\u00e1s szolg\u00e1lat\u00e1ban\u00a0 Absztrakt: A workshop c\u00e9lja, hogy a r\u00e9sztvev\u0151k megismerj\u00e9k \u00e9s gyakorolj\u00e1k a generat\u00edv MI tudatos, c\u00e9lorient\u00e1lt haszn\u00e1lat\u00e1t vizsga- \u00e9s\/vagy tesztk\u00e9rd\u00e9sek l\u00e9trehoz\u00e1s\u00e1ra. A workshopon saj\u00e1t oktat\u00e1si anyagok (pl. diasor, szakcikk(ek), tank\u00f6nyv) alapj\u00e1n besz\u00e9lj\u00fck meg a hat\u00e9kony k\u00e9rd\u00e9sgener\u00e1l\u00e1s folyamat\u00e1t: az \u00e9rt\u00e9kel\u00e9si c\u00e9l meghat\u00e1roz\u00e1s\u00e1t, a forr\u00e1sanyagok alkalmass\u00e1g\u00e1nak vizsg\u00e1lat\u00e1t, [&hellip;]<\/p>\n","protected":false},"author":1,"featured_media":0,"parent":0,"menu_order":0,"comment_status":"closed","ping_status":"closed","template":"","meta":{"iawp_total_views":49,"footnotes":""},"class_list":["post-1898","page","type-page","status-publish","hentry"],"_links":{"self":[{"href":"https:\/\/ikt.kre.hu\/oktatasinformatika2025\/wp-json\/wp\/v2\/pages\/1898","targetHints":{"allow":["GET"]}}],"collection":[{"href":"https:\/\/ikt.kre.hu\/oktatasinformatika2025\/wp-json\/wp\/v2\/pages"}],"about":[{"href":"https:\/\/ikt.kre.hu\/oktatasinformatika2025\/wp-json\/wp\/v2\/types\/page"}],"author":[{"embeddable":true,"href":"https:\/\/ikt.kre.hu\/oktatasinformatika2025\/wp-json\/wp\/v2\/users\/1"}],"replies":[{"embeddable":true,"href":"https:\/\/ikt.kre.hu\/oktatasinformatika2025\/wp-json\/wp\/v2\/comments?post=1898"}],"version-history":[{"count":6,"href":"https:\/\/ikt.kre.hu\/oktatasinformatika2025\/wp-json\/wp\/v2\/pages\/1898\/revisions"}],"predecessor-version":[{"id":2034,"href":"https:\/\/ikt.kre.hu\/oktatasinformatika2025\/wp-json\/wp\/v2\/pages\/1898\/revisions\/2034"}],"wp:attachment":[{"href":"https:\/\/ikt.kre.hu\/oktatasinformatika2025\/wp-json\/wp\/v2\/media?parent=1898"}],"curies":[{"name":"wp","href":"https:\/\/api.w.org\/{rel}","templated":true}]}}