{"id":1941,"date":"2025-06-05T09:05:50","date_gmt":"2025-06-05T07:05:50","guid":{"rendered":"https:\/\/ikt.kre.hu\/oktatasinformatika2025\/?page_id=1941"},"modified":"2025-07-21T11:16:28","modified_gmt":"2025-07-21T09:16:28","slug":"hulber-laszlo","status":"publish","type":"page","link":"https:\/\/ikt.kre.hu\/oktatasinformatika2025\/hulber-laszlo\/","title":{"rendered":"Dr. H\u00fclber L\u00e1szl\u00f3"},"content":{"rendered":"\n<div class=\"wp-block-group alignfull has-global-padding is-layout-constrained wp-block-group-is-layout-constrained has-background\" style=\"padding-top:var(--wp--preset--spacing--20);padding-bottom:var(--wp--preset--spacing--20);box-shadow:var(--wp--preset--shadow--natural);background-image:url(&apos;https:\/\/ikt.kre.hu\/oktatasinformatika2025\/wp-content\/uploads\/2025\/05\/tengrai_image_1748103220_9365704.png&apos;);background-size:cover;\">\n<div class=\"wp-block-columns glass2 is-layout-flex wp-container-core-columns-is-layout-0d2466c3 wp-block-columns-is-layout-flex\" style=\"padding-top:var(--wp--preset--spacing--20);padding-right:var(--wp--preset--spacing--20);padding-bottom:var(--wp--preset--spacing--20);padding-left:var(--wp--preset--spacing--20)\">\n<div class=\"wp-block-column is-layout-flow wp-block-column-is-layout-flow\">\n<figure class=\"wp-block-image aligncenter size-large is-resized\"><img loading=\"lazy\" decoding=\"async\" width=\"1024\" height=\"1024\" src=\"https:\/\/ikt.kre.hu\/oktatasinformatika2025\/wp-content\/uploads\/2025\/05\/22-1024x1024.png\" alt=\"\" class=\"wp-image-1813\" style=\"width:267px\" srcset=\"https:\/\/ikt.kre.hu\/oktatasinformatika2025\/wp-content\/uploads\/2025\/05\/22-1024x1024.png 1024w, https:\/\/ikt.kre.hu\/oktatasinformatika2025\/wp-content\/uploads\/2025\/05\/22-300x300.png 300w, https:\/\/ikt.kre.hu\/oktatasinformatika2025\/wp-content\/uploads\/2025\/05\/22-150x150.png 150w, https:\/\/ikt.kre.hu\/oktatasinformatika2025\/wp-content\/uploads\/2025\/05\/22-768x768.png 768w, https:\/\/ikt.kre.hu\/oktatasinformatika2025\/wp-content\/uploads\/2025\/05\/22-50x50.png 50w, https:\/\/ikt.kre.hu\/oktatasinformatika2025\/wp-content\/uploads\/2025\/05\/22-1600x1600.png 1600w, https:\/\/ikt.kre.hu\/oktatasinformatika2025\/wp-content\/uploads\/2025\/05\/22-1536x1536.png 1536w, https:\/\/ikt.kre.hu\/oktatasinformatika2025\/wp-content\/uploads\/2025\/05\/22-2048x2048.png 2048w\" sizes=\"auto, (max-width: 1024px) 100vw, 1024px\" \/><\/figure>\n<\/div>\n\n\n\n<div class=\"wp-block-column is-vertically-aligned-center is-layout-flow wp-block-column-is-layout-flow\">\n<p class=\"has-text-align-center has-medium-font-size\"><strong>Dr. H\u00fclber L\u00e1szl\u00f3 <\/strong><\/p>\n\n\n\n<div class=\"wp-block-group has-global-padding is-content-justification-center is-layout-constrained wp-block-group-is-layout-constrained\">\n<div class=\"wp-block-columns are-vertically-aligned-center is-layout-flex wp-container-core-columns-is-layout-28f84493 wp-block-columns-is-layout-flex\">\n<div class=\"wp-block-column is-vertically-aligned-center has-global-padding is-content-justification-center is-layout-constrained wp-block-column-is-layout-constrained\">\n<ul class=\"wp-block-social-links has-icon-color is-style-logos-only is-content-justification-center is-layout-flex wp-container-core-social-links-is-layout-c124d1c4 wp-block-social-links-is-layout-flex\"><li style=\"color:#000000;\" class=\"wp-social-link wp-social-link-linkedin has-theme-5-color wp-block-social-link\"><a href=\"https:\/\/www.linkedin.com\/in\/h%C3%BClberl%C3%A1szl%C3%B3\/\" class=\"wp-block-social-link-anchor\"><svg width=\"24\" height=\"24\" viewBox=\"0 0 24 24\" version=\"1.1\" xmlns=\"http:\/\/www.w3.org\/2000\/svg\" aria-hidden=\"true\" focusable=\"false\"><path d=\"M19.7,3H4.3C3.582,3,3,3.582,3,4.3v15.4C3,20.418,3.582,21,4.3,21h15.4c0.718,0,1.3-0.582,1.3-1.3V4.3 C21,3.582,20.418,3,19.7,3z M8.339,18.338H5.667v-8.59h2.672V18.338z M7.004,8.574c-0.857,0-1.549-0.694-1.549-1.548 c0-0.855,0.691-1.548,1.549-1.548c0.854,0,1.547,0.694,1.547,1.548C8.551,7.881,7.858,8.574,7.004,8.574z M18.339,18.338h-2.669 v-4.177c0-0.996-0.017-2.278-1.387-2.278c-1.389,0-1.601,1.086-1.601,2.206v4.249h-2.667v-8.59h2.559v1.174h0.037 c0.356-0.675,1.227-1.387,2.526-1.387c2.703,0,3.203,1.779,3.203,4.092V18.338z\"><\/path><\/svg><span class=\"wp-block-social-link-label screen-reader-text\">LinkedIn<\/span><\/a><\/li><\/ul>\n<\/div>\n<\/div>\n<\/div>\n<\/div>\n<\/div>\n<\/div>\n\n\n\n<div class=\"wp-block-group alignwide is-layout-flow wp-block-group-is-layout-flow\">\n<p style=\"font-size:clamp(14px, 0.875rem + ((1vw - 3.2px) * 0.536), 20px);\"><strong>C\u00edm:<\/strong> <strong>J\u00f3gyakorlatok az &#8222;Oktat\u00e1sinformatika a fels\u0151oktat\u00e1sban &#8211; Pedag\u00f3giAI kieg\u00e9sz\u00edt\u00e9s&#8221; c. k\u00f6nyvb\u0151l<\/strong><\/p>\n\n\n\n<p style=\"font-size:clamp(14px, 0.875rem + ((1vw - 3.2px) * 0.536), 20px);\"><strong>Absztrakt:<\/strong><\/p>\n\n\n\n<p>A konferenci\u00e1t szervez\u0151 IKT Kutat\u00f3k\u00f6zpont \u00f6t \u00e9vvel ezel\u0151tt jelentette meg hi\u00e1nyp\u00f3tl\u00f3 digit\u00e1lis m\u00f3dszertani k\u00f6tet\u00e9t, amely a fels\u0151oktat\u00e1sban dolgoz\u00f3 oktat\u00f3k sz\u00e1m\u00e1ra k\u00edn\u00e1l \u00fatmutat\u00f3t a digit\u00e1lis pedag\u00f3gia ter\u00fclet\u00e9n. A k\u00f6nyv egyik c\u00e9lkit\u0171z\u00e9se volt, hogy az elm\u00e9let helyett a gyakorlatra f\u00f3kusz\u00e1ljon, m\u00f3dszertani tippeket, konkr\u00e9t megold\u00e1sokat aj\u00e1nljon, megnevezett eszk\u00f6z\u00f6k, alkalmaz\u00e1sok ment\u00e9n.&nbsp;<\/p>\n\n\n\n<p>A k\u00f6nyv, a generat\u00edv mesters\u00e9ges intelligencia megjelen\u00e9se ok\u00e1n b\u0151v\u00edt\u00e9st \u00e9rdemelt, mind technol\u00f3giai, mind pedag\u00f3giai \u00e9rtelemben. Ezent\u00fal c\u00e9lunk volt, hogy a k\u00f6nyv j\u00f3gyakorlat gy\u0171jtem\u00e9ny\u00e9t MI alap\u00fa megold\u00e1sokkal is gazdag\u00edtsuk.&nbsp;<\/p>\n\n\n\n<p>Workshopunk sor\u00e1n ezekb\u0151l az \u00fajonnan kidolgozott MI-alap\u00fa p\u00e9ld\u00e1kb\u00f3l v\u00e1logatunk, \u00e9s k\u00f6z\u00f6sen dolgozzuk fel \u0151ket a r\u00e9sztvev\u0151kkel interakt\u00edv, gyakorlatorient\u00e1lt m\u00f3don. A foglalkoz\u00e1s sor\u00e1n a r\u00e9sztvev\u0151k nemcsak inspir\u00e1ci\u00f3t kapnak, hanem olyan megold\u00e1sokat is, amelyeket azonnal alkalmazni tudnak saj\u00e1t oktat\u00e1si gyakorlatukban.&nbsp;<\/p>\n<\/div>\n","protected":false},"excerpt":{"rendered":"<p>Dr. H\u00fclber L\u00e1szl\u00f3 C\u00edm: J\u00f3gyakorlatok az &#8222;Oktat\u00e1sinformatika a fels\u0151oktat\u00e1sban &#8211; Pedag\u00f3giAI kieg\u00e9sz\u00edt\u00e9s&#8221; c. k\u00f6nyvb\u0151l Absztrakt: A konferenci\u00e1t szervez\u0151 IKT Kutat\u00f3k\u00f6zpont \u00f6t \u00e9vvel ezel\u0151tt jelentette meg hi\u00e1nyp\u00f3tl\u00f3 digit\u00e1lis m\u00f3dszertani k\u00f6tet\u00e9t, amely a fels\u0151oktat\u00e1sban dolgoz\u00f3 oktat\u00f3k sz\u00e1m\u00e1ra k\u00edn\u00e1l \u00fatmutat\u00f3t a digit\u00e1lis pedag\u00f3gia ter\u00fclet\u00e9n. A k\u00f6nyv egyik c\u00e9lkit\u0171z\u00e9se volt, hogy az elm\u00e9let helyett a gyakorlatra f\u00f3kusz\u00e1ljon, m\u00f3dszertani tippeket, [&hellip;]<\/p>\n","protected":false},"author":1,"featured_media":0,"parent":0,"menu_order":0,"comment_status":"closed","ping_status":"closed","template":"","meta":{"iawp_total_views":53,"footnotes":""},"class_list":["post-1941","page","type-page","status-publish","hentry"],"_links":{"self":[{"href":"https:\/\/ikt.kre.hu\/oktatasinformatika2025\/wp-json\/wp\/v2\/pages\/1941","targetHints":{"allow":["GET"]}}],"collection":[{"href":"https:\/\/ikt.kre.hu\/oktatasinformatika2025\/wp-json\/wp\/v2\/pages"}],"about":[{"href":"https:\/\/ikt.kre.hu\/oktatasinformatika2025\/wp-json\/wp\/v2\/types\/page"}],"author":[{"embeddable":true,"href":"https:\/\/ikt.kre.hu\/oktatasinformatika2025\/wp-json\/wp\/v2\/users\/1"}],"replies":[{"embeddable":true,"href":"https:\/\/ikt.kre.hu\/oktatasinformatika2025\/wp-json\/wp\/v2\/comments?post=1941"}],"version-history":[{"count":3,"href":"https:\/\/ikt.kre.hu\/oktatasinformatika2025\/wp-json\/wp\/v2\/pages\/1941\/revisions"}],"predecessor-version":[{"id":2036,"href":"https:\/\/ikt.kre.hu\/oktatasinformatika2025\/wp-json\/wp\/v2\/pages\/1941\/revisions\/2036"}],"wp:attachment":[{"href":"https:\/\/ikt.kre.hu\/oktatasinformatika2025\/wp-json\/wp\/v2\/media?parent=1941"}],"curies":[{"name":"wp","href":"https:\/\/api.w.org\/{rel}","templated":true}]}}